atest common divisor of 274252 and 246928.
1012
What is the greatest common divisor of 1358 and 26446?
14
Calculate the greatest common factor of 1168 and 2851088.
1168
Calculate the highest common factor of 35982 and 117306.
18
Calculate the highest common factor of 23914968 and 4224.
264
Calculate the greatest common factor of 301568128 and 32.
32
What is the highest common divisor of 254 and 76831825?
127
What is the greatest common factor of 1269819 and 51342?
597
Calculate the greatest common divisor of 169 and 194464075.
169
What is the greatest common divisor of 2686975 and 28175?
575
What is the greatest common divisor of 7749 and 14369229?
2583
Calculate the highest common divisor of 853 and 72477704.
853
What is the highest common factor of 36 and 51028749?
9
What is the highest common factor of 8405086 and 1244?
622
What is the highest common divisor of 286273848 and 402?
402
What is the highest common divisor of 390 and 6502470?
390
Calculate the greatest common divisor of 46 and 159657766.
46
Calculate the highest common divisor of 101096095 and 15.
5
What is the greatest common factor of 3037028 and 1108?
1108
What is the greatest common factor of 204 and 10628?
4
What is the greatest common factor of 4661 and 447574?
59
Calculate the greatest common factor of 1247 and 189428.
29
Calculate the highest common divisor of 804006 and 41958.
1134
Calculate the highest common divisor of 1038 and 40600678.
346
Calculate the highest common divisor of 24 and 598840548.
12
Calculate the highest common divisor of 222598962 and 16210.
3242
Calculate the greatest common factor of 322144875 and 135.
45
Calculate the highest common divisor of 15794630 and 1592.
398
What is the greatest common divisor of 1953146 and 11395?
43
What is the highest common divisor of 21324 and 17340?
12
Calculate the highest common factor of 18855 and 783045.
45
What is the greatest common divisor of 340 and 588452?
4
What is the highest common factor of 263906876 and 3052?
436
What is the highest common factor of 11773858 and 2?
2
Calculate the highest common divisor of 246 and 16871828.
82
What is the highest common divisor of 1070928870 and 330?
330
Calculate the highest common divisor of 47094 and 109745.
47
What is the greatest common factor of 3505608 and 162?
18
What is the highest common factor of 16146 and 3847716?
1242
What is the greatest common factor of 330535511 and 383?
383
Calculate the greatest common divisor of 23626595 and 760.
95
Calculate the highest common factor of 670 and 10842610.
670
What is the greatest common divisor of 184020 and 11553389?
3067
Calculate the highest common factor of 399 and 45969455.
133
Calculate the greatest common divisor of 9334165 and 5.
5
Calculate the greatest common factor of 122 and 35667127.
61
Calculate the highest common factor of 816 and 146692048.
272
What is the greatest common divisor of 129283416 and 24?
24
What is the highest common factor of 249 and 3460934?
83
What is the highest common factor of 99505850 and 950?
950
What is the greatest common divisor of 630 and 65227995?
315
Calculate the highest common factor of 767291110 and 20780.
10390
Calculate the highest common factor of 11325924 and 236356.
6388
Calculate the greatest common divisor of 43767750 and 117.
39
Calculate the greatest common divisor of 904454213 and 2567.
2567
Calculate the highest common divisor of 36684 and 70601415.
3057
What is the highest common factor of 880 and 745690?
110
Calculate the greatest common factor of 3331 and 32.
1
Calculate the highest common divisor of 32087756 and 64.
4
What is the greatest common divisor of 21940650 and 900?
450
Calculate the greatest common factor of 199572 and 12228.
12
What is the highest common factor of 5125 and 403399?
41
What is the highest common factor of 1100245126 and 159?
53
What is the highest common factor of 105 and 9900870?
105
Calculate the greatest common factor of 1057 and 2563527.
151
What is the highest common divisor of 18902 and 5101486?
26
Calculate the greatest common factor of 91429 and 127933.
169
What is the greatest common divisor of 9280 and 295075?
145
What is the greatest common factor of 386680 and 9030?
70
Calculate the highest common factor of 54460 and 152600.
140
Calculate the highest common factor of 848 and 13586656.
848
Calculate the highest common factor of 3545307 and 8.
1
Calculate the highest common factor of 14644487 and 286.
143
What is the greatest common divisor of 3051472 and 3632?
16
Calculate the greatest common factor of 260056 and 1976.
8
What is the highest common factor of 844 and 4998801?
211
Calculate the greatest common divisor of 3906 and 464562.
126
What is the greatest common factor of 1152075 and 150?
75
Calculate the greatest common divisor of 486702273 and 261.
87
Calculate the highest common factor of 342 and 1548279.
9
Calculate the highest common factor of 7182 and 456912.
342
Calculate the greatest common divisor of 249130284 and 312.
156
What is the highest common factor of 862735 and 148802?
1583
What is the greatest common factor of 657824119 and 2029?
2029
What is the greatest common factor of 124039757 and 40513?
3683
Calculate the highest common divisor of 15163 and 223020.
59
What is the greatest common divisor of 8209088 and 53824?
1856
Calculate the highest common divisor of 253 and 264247.
23
What is the greatest common divisor of 3257 and 1251700927?
3257
What is the highest common divisor of 5530720 and 32?
32
What is the greatest common divisor of 17061 and 2114112?
363
Calculate the highest common factor of 14 and 81743816.
14
Calculate the greatest common divisor of 8671 and 4044274.
299
What is the highest common factor of 566 and 2485618432?
566
Calculate the greatest common divisor of 41481419 and 11732.
2933
Calculate the greatest common factor of 64 and 473614.
2
Calculate the highest common factor of 6317875 and 3375.
125
What is the greatest common factor of 1482488 and 14168?
1288
Calculate the highest common divisor of 186450 and 64185.
165
Calculate the highest common divisor of 1474 and 189035341.
737
Calculate the greatest common factor of 2086247 and 70082.
523
Calculate the highest common factor of 68063 and 54607.
29
Calculate the highest common divisor of 195 and 958140.
15
Calculate the highest common factor of 11660733 and 201159.
6489
Calculate the greatest common divisor of 39697 and 4260935.
371
Calculate the highest common factor of 1750 and 81924250.
250
What is the highest common divisor of 2380 and 9746780?
340
Calculate the highest common factor of 29083 and 19007.
229
What is the greatest common factor of 3148 and 396463842?
1574
Calculate the highest common factor of 5120211 and 6168.
771
Calculate the greatest common factor of 407 and 174973.
37
Calculate the highest common factor of 24894240 and 48160.
1120
Calculate the greatest common factor of 14789194 and 28.
14
Calculate the greatest common divisor of 51883 and 162916.
169
What is the greatest common factor of 2232 and 10699464?
744
Calculate the greatest common factor of 1966857 and 3534.
93
Calculate the highest common factor of 4974695 and 38203.
1661
What is the highest common factor of 130152 and 48314?
986
What is the greatest common factor of 1013916 and 101688?
228
Calculate the highest common divisor of 43991306 and 8425.
337
What is the highest common factor of 20064 and 13216951?
209
What is the greatest common factor of 279567 and 7551?
9
Calculate the highest common factor of 560 and 49707980.
140
What is the greatest common divisor of 45883 and 251948951?
2699
What is the greatest common factor of 3985 and 270449995?
3985
What is the highest common factor of 37977141 and 2613?
201
Calculate the highest common divisor of 4758 and 120627.
39
What is the greatest common factor of 2387 and 4574515?
341
What is the greatest common divisor of 1540 and 41342?
14
What is the highest common divisor of 17884414 and 2?
2
Calculate the highest common factor of 13338 and 844170.
114
What is the greatest common divisor of 768 and 361896?
24
Calculate the highest common factor of 933 and 23421099.
933
Calculate the greatest common factor of 4573 and 27747888.
269
What is the highest common divisor of 93040 and 2280?
40
W